he prime factors of w?
3
Let s(z) = z - 1. Let b be s(3). Suppose -l - 3*j = -26, 0 = -2*l - b*l + j + 39. List the prime factors of l.
11
Let u(o) = -o**3 + 13*o**2 + 4*o - 17. What are the prime factors of u(12)?
5, 7
Suppose 7*y - 5 = 2*y. Let i(f) = f**3 - 7*f**2 + 7*f - 5. Let v be i(6). List the prime factors of 1 - (-13)/y - v.
13
Let f(z) be the third derivative of z**4/24 + 3*z**2. List the prime factors of f(6).
2, 3
Suppose b + 1 = 6. Let g(k) be the third derivative of -k**6/120 + k**5/10 - k**4/8 - k**3/2 - 6*k**2. What are the prime factors of g(b)?
7
Suppose 4*s - 127 = -3*v, 31 = 4*s - 2*s - 5*v. What are the prime factors of s + (-12)/8*2?
5
Suppose 0 = 4*v - 4 - 16. Suppose 0 = v*z + 3*j - 57, -3*j = -z - 8*j + 7. List the prime factors of z.
2, 3
Let p(n) = n**2 - 4*n - 7. Let x(m) = -m**2 - 7*m - 4. Let o be x(-5). Let w be p(o). Suppose w*b - 5 = 5. What are the prime factors of b?
2
Let m(k) = -6*k**3 - k**2 - k - 1. Let l be m(-1). Suppose h = -l*b + 29, -h + 4 = -5*h. List the prime factors of b.
2, 3
Let h be (-4)/(-22) - 108/(-11). Suppose 0*c - c = 3*w - h, 2 = -w. List the prime factors of c.
2
Let q(a) be the second derivative of -a**4/12 - 5*a**3/6 + 5*a**2/2 - 3*a. Let w be q(4). Let o = -19 - w. What are the prime factors of o?
2, 3
Let v(b) = -b**3 - 5*b**2 - b + 3. Let d be v(-5). Let k = 14 - d. List the prime factors of k.
2, 3
Let m = 3 + 2. Let f be 38/6*(-6)/(-2). Suppose 5*q - o - 33 - f = 0, q - 20 = m*o. What are the prime factors of q?
2, 5
Suppose 5*c = 16 + 4. Suppose -5*g + 2*q + 73 = -0*q, c*q = 4*g - 68. Suppose -3*h - 3*z - g = -5*h, -h = 2*z + 4. What are the prime factors of h?
2
Let b = 426 - 246. List the prime factors of b.
2, 3, 5
Suppose -3 = -5*a - 8. Suppose 2*o + c = -4*c + 31, 2*o = 3*c + 7. List the prime factors of 6/(2 - a) + o.
2, 5
Suppose -2*t - 2*t + 4*a = -156, 4*t = -2*a + 138. List the prime factors of t.
2, 3
Let r = 3 - 3. Suppose r = -k - q + 17, -k + 12 = 4*q - 2. What are the prime factors of k?
2, 3
Let n be (-15)/(-2)*4/6. Suppose r - 129 = -2*t - t, -n*t + 195 = -5*r. What are the prime factors of t?
2, 3, 7
Let x be (18/4)/(2/20). Let j = -5 + 7. Suppose x = 4*r + 5*s - 15, j*r - 3*s - 8 = 0. List the prime factors of r.
2, 5
What are the prime factors of ((-55)/(-3) - 3)*12/8?
23
Suppose -3*o - 20 = 2*o, 2*g - 4*o - 22 = 0. Suppose -g*a = 15, -2*v + 2*a = -a - 25. Suppose v = w - 10. List the prime factors of w.
3, 5
Suppose -13*d = -12*d - 164. List the prime factors of d.
2, 41
Let k(p) = 52*p. List the prime factors of k(4).
2, 13
Let i = 284 - 195. Suppose -4*v + 90 = -h, -3*h = 5*v - i - 15. What are the prime factors of v?
2, 11
Let b = 10 + -10. Suppose 0 = -i - l + 2*l + 9, -4*l + 8 = b. What are the prime factors of i?
11
Let q = -22 - -32. List the prime factors of q.
2, 5
List the prime factors of (-84)/18*(-81)/6.
3, 7
Let w be (-4)/18 + (-114)/(-27). Suppose 4*r + 7*h - 31 = 4*h, w*h + 17 = 3*r. What are the prime factors of r?
7
Let p be 9/6 - 693/14. What are the prime factors of (-4 + p)/(-1 - 0)?
2, 13
Let y = 2 - -1. Suppose -28 = -y*x - x. List the prime factors of x.
7
Suppose a = -2*a + 3. Let b = a + 2. Suppose -22 = -5*f + b. What are the prime factors of f?
5
Suppose 7*r - 164 = 3*r. What are the prime factors of r?
41
Let n = 40 + -27. Suppose -f + n = -11. What are the prime factors of f?
2, 3
Let b(l) be the third derivative of -l**6/120 - 3*l**5/20 + 11*l**3/6 - 4*l**2. List the prime factors of b(-9).
11
Suppose -s + 2 = -0*s. Let r = s + 14. List the prime factors of r.
2
Let p(q) = -q**3 + 3*q**2 + 9*q - 5. What are the prime factors of p(-5)?
2, 3, 5
Let r be 12/(-4) - (-3)/1. Suppose r*b = -b. Suppose -2*f + f + 2 = b. What are the prime factors of f?
2
Suppose 3*j = 5*x + 11, -j + 4 = -4*x + 2*x. Let u be 18/21*(-7)/x. Suppose -2*s + u = -12. What are the prime factors of s?
3
Suppose 3*p - 3*y = 0, p - 5*p + y - 3 = 0. Let k = -4 - p. What are the prime factors of 19/3 - 2/k?
7
Let w = 650 - 454. Suppose 26 = -5*u + w. List the prime factors of u.
2, 17
Let x = 7 - 13. Let j be (0 + 2/x)*-12. Suppose a = 6 + j. What are the prime factors of a?
2, 5
Let z = -117 - -285. What are the prime factors of z?
2, 3, 7
Suppose 11*b + 12*b = 8349. List the prime factors of b.
3, 11
What are the prime factors of ((-2)/6)/(3/(-63))?
7
Let u = -6 + 11. Suppose -4*t + 3 = -2*y + u*y, -4*t = 5*y + 3. Suppose -2*g + b + 21 = 0, -6*g - 3*b + 9 = -t*g. List the prime factors of g.
2
Let b(a) be the second derivative of 2*a**3/3 - 3*a**2 + 4*a. Let m be b(-5). Let d = m + 45. What are the prime factors of d?
19
Suppose -4*d - 8 = 0, -1317 = -4*y - 4*d - 337. What are the prime factors of y?
13, 19
Let w(a) = -1 + 6 - 11*a - 4 + 2. List the prime factors of w(-3).
2, 3
Let k(p) = p - 3. Suppose -16 = -5*g + 9. List the prime factors of k(g).
2
What are the prime factors of 16/28 - 710/(-7)?
2, 3, 17
Suppose -481 = -3*u - 31. List the prime factors of u.
2, 3, 5
Let h = 166 - -172. List the prime factors of h.
2, 13
Let i(q) = 13*q**2 + 3*q + 15. List the prime factors of i(-4).
211
Suppose -10*o = -6*o + 8. List the prime factors of 1/(4/(-16))*o.
2
Let q be 0 + 2 + (1 - 2). Suppose -2*o + 3*o - q = d, 2*o = -3*d + 27. List the prime factors of o.
2, 3
Let y(h) = 10*h + 3. What are the prime factors of y(2)?
23
Let m = 10 + -14. Let f(l) = -4*l - 2. What are the prime factors of f(m)?
2, 7
Let h = -7 - -7. Suppose 3*d - 113 = 2*n, 5*d + h*n - 181 = -4*n. What are the prime factors of d?
37
Suppose -32 = -3*z - z. Let h be (z - -5) + -3*1. Suppose h + 3 = k. List the prime factors of k.
13
Let d(h) = -h**2 - 4*h - 2. Let a be d(-2). Let u be ((-21)/12)/((-4)/16). Suppose -f - u = -a*f. What are the prime factors of f?
7
Let b(q) = -q**2 + 3. Let u(p) = p - 1. Let o(m) = -b(m) - u(m). What are the prime factors of o(-4)?
2, 3
Suppose s = 2*s. Suppose -5*f + 199 + 21 = s. List the prime factors of f.
2, 11
Suppose -5*v + 30 = -3*b, 40 = -5*b + b - 4*v. Let l be (-1)/(0 - (-1)/2). Let p = l - b. List the prime factors of p.
2
Let y = -8 - -9. Let j(z) = 5*z**2 + z - 1. List the prime factors of j(y).
5
Let j(p) = p**3 - 11*p**2 + 3*p + 9. Let i be j(11). Let t = i - -18. Suppose -v = 4*v - t. List the prime factors of v.
2, 3
Let m be 16/7 - 12/42. Suppose m*y - 6 = 0, -2*y + 27 = 3*t - 9. List the prime factors of t.
2, 5
Let u(k) be the third derivative of -k**6/120 - 7*k**5/60 - k**4/3 - 4*k**3/3 - 2*k**2. Let l be u(-6). Suppose -l*a = -5*a + 20. List the prime factors of a.
2, 5
Let w(x) = -x**2 - 15*x + 15. What are the prime factors of w(-9)?
3, 23
List the prime factors of ((-22)/4 + 4)/((-2)/20).
3, 5
Suppose 3*m - 10 + 1 = -c, -12 = -3*m - 2*c. What are the prime factors of 24/28*7/m?
3
Let b = -2 + 11. List the prime factors of b.
3
Suppose 0 = -2*r - 2*r + 96. Suppose 0 = -5*g - n + 22, -3*n + 0*n = -3*g + r. Suppose d = -v + 4*d - 6, -g*v - 2*d = -21. List the prime factors of v.
3
Suppose d = -3*d. Suppose 3*j = d, -y - j + 26 = -3*j. List the prime factors of y.
2, 13
Suppose 4*c - 110 + 26 = 0. Let x = c + -12. List the prime factors of x.
3
Let i be 2/(-7) + 44/7. Suppose -i*x + x + 135 = 0. Suppose 2*k - x = 1. What are the prime factors of k?
2, 7
List the prime factors of (-4)/2 + 3 + (43 - 4).
2, 5
Suppose 0 = 3*h - 2*t - 15, -t + 11 = 2*h + 1. Suppose 0 = -5*p + 2*k + 1, 0 = 2*p - 5*p - h*k - 18. Let g = 23 + p. List the prime factors of g.
2, 11
Let r = -331 + 501. What are the prime factors of r?
2, 5, 17
Let h(v) be the first derivative of 3*v**2/2 - 3*v + 2. Let p be ((-5)/2)/(2/(-4)). What are the prime factors of h(p)?
2, 3
Suppose 4*i = -d - 1, 11 = -2*i - 3*i + 2*d. Let l = 2 + i. Let j(x) = 2*x + 1. What are the prime factors of j(l)?
3
Suppose 2*v + 2*v - 8 = 0. Suppose -11 = -5*z - 3*h + h, -3*h - 12 = -v*z. Suppose 4*t - 8 = 4*a - 36, -z*t - 10 = -2*a. What are the prime factors of a?
11
Let a(n) = 8*n**3 - 4*n**2 + 3*n - 1. Let d be a(2). Suppose 4*i = -w + 72, -4*i + i = w - d. What are the prime factors of i?
19
Let i(u) = -u**3 - 8*u**2 - 12*u - 17. Let v be i(-7). Suppose 5*g + 28 = -o - 5, 2*o + 4*g = -36. Let k = v + o. What are the prime factors of k?
2, 5
Let v be 1/(-2 + 5/2). Suppose 0 = -4*g + v*x - 10, -